((-6)/(-4))/(2/(-8)*-2). What are the prime factors of (-5)/((r/(-54))/((-1)/(-2)))?
3, 5
List the prime factors of -4 + ((-20)/4 - 2) + 162.
151
Suppose -5*g + 637 = -998. List the prime factors of g.
3, 109
Let h(w) = -w**3 - 16*w**2 - 36*w - 37. What are the prime factors of h(-20)?
3, 761
Suppose 2 - 14 = 6*b. Let q = b + 34. List the prime factors of q.
2
Let m = -886 + 3158. What are the prime factors of m?
2, 71
Let i = -19 + 3. What are the prime factors of (12/8)/((-6)/i)?
2
Let v(t) = -2*t + 6. Let o be v(2). List the prime factors of 2/(-3)*-108 - o.
2, 5, 7
Let o(a) = -4*a - 14. Let f be o(-6). Suppose 0 = 2*y - 4*g + f - 52, 3*y - 5*g = 68. Suppose -y = -5*v + 44. List the prime factors of v.
3, 5
Let o(k) = 17*k**2 - 14*k + 59. What are the prime factors of o(6)?
587
Suppose h = -5*m + 60, 133 = 3*h + 2*m + 18. Let g = 63 - h. List the prime factors of g.
2, 7
Let h be 0 - -2*2/2. Suppose h*l - 10 = 4*r, -4*r - l - 4*l = -25. Suppose a - 8 - 37 = r. What are the prime factors of a?
3, 5
Suppose 14*l - 13*l = 25. Suppose -3*m = 2*p - 25, 3*m = 8*m + l. List the prime factors of p.
2, 5
Suppose 3*f = -2*f - 25. Let q be (-5)/1*2/f. Suppose -i - i - 42 = -q*h, -4*i = -5*h + 104. List the prime factors of h.
2, 5
Suppose -660 = -3*x + x. Suppose 10*k + x = 15*k. What are the prime factors of k?
2, 3, 11
Let f(m) = 4*m**2 - 5. List the prime factors of f(-23).
2111
Let f be 145/12 - 6/72. Let z(w) = w**3 - 4*w**2 + 2*w - 4. Let l be z(3). Let x = f + l. List the prime factors of x.
5
Let w(p) = 4 + 3*p + 3*p - 1 - p**2 + 0*p**2. Let z be w(6). Suppose -62 - 51 = -4*l - z*t, -4*l + 98 = -2*t. List the prime factors of l.
2, 13
Let c be 14/(-35)*5/(-2). Let f be (-168)/(-9) + c/3. Suppose 3 = -3*a, 4*a - 81 = -4*u + f. List the prime factors of u.
2, 13
Let i(f) = f**3 - 18*f**2 - 4*f + 118. List the prime factors of i(22).
2, 983
Suppose 7519 = 13*a - 983. What are the prime factors of a?
2, 3, 109
Suppose 2*o - 11 - 5 = 0. Suppose -3*w - 460 = -o*w. Suppose -4*b - w = -3*n - 0*b, n = b + 32. List the prime factors of n.
2, 3
Let y = -36 - -38. Suppose k = -2*o + 51, -k + 36 = 3*o + y*o. What are the prime factors of k?
61
Let m(s) = -s - 6. Let q be m(-6). Let w be (7/2)/(-2 - 20/(-8)). Suppose q = -2*d + w*d - 25. List the prime factors of d.
5
Suppose -2*l = -2, -h = -3*h + 2*l - 10. Let q(y) = 2*y + 5. Let b(w) = w + 4. Let v(d) = 5*b(d) - 6*q(d). What are the prime factors of v(h)?
2, 3
Suppose 3*y - 96 = -2*n, 2*n - 6*y + 2*y = 124. Suppose -4*f + 246 = n. What are the prime factors of f?
2, 3
Let o be 4/18 + (-38)/9. Let s be (1 - 0)*(19 + o). Let i = s + 0. What are the prime factors of i?
3, 5
Let l = -147 + 236. Let k = l - 39. List the prime factors of k.
2, 5
Let n(t) = -9*t. Let l be n(2). Let r be (-1)/(-4) - 34/8. Let k = r - l. List the prime factors of k.
2, 7
Let b be (-4)/(-10) + (2 - (-24)/(-10)). Suppose -404 = -5*r + w, -3*r - 5*w = -b*w - 220. What are the prime factors of r?
2, 5
Suppose 5*m = 9220 - 3290. List the prime factors of m.
2, 593
List the prime factors of 2 + (-48884)/(-55) + (-4)/(-20).
3, 11
Let v = 226 - 82. Suppose -8*m + 14 = -26. Suppose -8*u + m*u = -v. What are the prime factors of u?
2, 3
Let n be 8*(3 + -2 + -24). Let x = n + 279. Suppose 7*m - x = 2*m. List the prime factors of m.
19
Suppose 0 = -4*f + j + 69, 0*f - 3*j - 79 = -4*f. Let k = f - 13. List the prime factors of (-67)/((-3)/9*k).
67
What are the prime factors of 80/(-60)*9405/(-6)?
2, 5, 11, 19
Let z be (-22)/4*(0 - -2). Let l(u) = -u**3 - 11*u**2 + u + 3. Let f be l(z). Let h = 16 + f. What are the prime factors of h?
2
Let v = -186 + 51. Let w = v - -204. What are the prime factors of w?
3, 23
List the prime factors of 463/(6/16 - (-3)/(-24)).
2, 463
Suppose 2*j = -2*j + 8. Suppose 0 = 2*r + 4*m - 66, -3*r - r - 5*m = -120. Suppose 2*y + 4 = c + r, j*c = 2. What are the prime factors of y?
11
Suppose 14*j = 11*j + 15810. List the prime factors of j.
2, 5, 17, 31
Suppose -3*t = -10*t + 6594. What are the prime factors of t?
2, 3, 157
Suppose 4*t + 10 = 18. List the prime factors of 4 + 2392/12 + t/3.
2, 3, 17
Let s(l) = -29*l**2 - l**3 + 5*l + 6 + 11*l**2 + 14*l**2. Let c(b) = 3*b + 1. Let h be c(-2). What are the prime factors of s(h)?
2, 3
Let v be -5 - (3 + 4/(-1)). Let y(o) = o**3 + 7*o**2 + 5*o + 3. What are the prime factors of y(v)?
31
What are the prime factors of (2112/(-240))/((-3)/1920)?
2, 11
Let z(u) = u**3 + 2*u**2 - 1. Let q be z(1). Suppose 0*j - q*j = -8. Suppose b - j*t = 24, 5*t - 8 = -b - 20. What are the prime factors of b?
2
Let u be 6/21 - (-38)/14. Suppose 4 = -2*r + t, -u*r + 1 + 0 = 2*t. What are the prime factors of 153/6 - r/(-2)?
5
Let a(d) = 27*d**2 - 6*d - 13. Let o be a(-5). Suppose 13*v = 9*v + o. List the prime factors of v.
173
Suppose 3*j - 9*j = 408. Let d be 1/(-3) + 858/9. Let m = d + j. List the prime factors of m.
3
Let r be 7/14*(37 - -1). Let g = -30 + 82. Let x = g - r. List the prime factors of x.
3, 11
Let j be (-1)/(2/4 - 0). Let n be 5 - (j + (-2)/(-1)). Suppose 4*v + 2*k - 13 = 47, 0 = -4*v - n*k + 48. List the prime factors of v.
17
Let c(p) = p**3 - 5*p**2 - 13*p - 11. List the prime factors of c(9).
2, 7
Suppose -h = -10*b + 13*b - 1348, 2*h - 1798 = -4*b. What are the prime factors of b?
449
Let y be 6/(-10) + (-27)/(-45) - -16. Suppose 0*m + 2*m = -4*f + 134, 0 = -3*m - 3. Let n = f - y. What are the prime factors of n?
2, 3
Let b be (104 - 1) + 6/(-3). Suppose 2*p + 3*d - 206 - 21 = 0, 0 = p + 4*d - b. What are the prime factors of p?
11
Suppose 5*p = 4*p + 179. List the prime factors of p.
179
Let m be (23 + -3)/4*1. Let s = 18 + m. List the prime factors of s.
23
Let b(o) be the second derivative of 5*o**3/3 - 27*o**2/2 - 16*o. List the prime factors of b(10).
73
Suppose -37*t + 36*t - 3*k + 684 = 0, 3*t + 5*k - 2032 = 0. What are the prime factors of t?
3, 223
What are the prime factors of (-412)/10*(-43 - (-29 + 11))?
2, 5, 103
What are the prime factors of (-12)/102 + (-152100)/(-153)?
2, 7, 71
Let q = -109 + 147. What are the prime factors of q?
2, 19
Suppose m = -4*r + 22, -2*m - 6 = -0*r - 2*r. Suppose -m*d + 3*b = -b - 124, 5*b = 3*d - 184. List the prime factors of d.
2, 29
Let f = 1556 - 1116. What are the prime factors of f?
2, 5, 11
Let i(y) = -4*y - 33. Let c be i(-9). Suppose -c*k = k - 120. What are the prime factors of k?
2, 3, 5
Let o(h) = -17*h - 13. Let g be o(-9). Suppose 2*n - 2*w - 136 = -n, -3*n - 2*w + g = 0. List the prime factors of n.
2, 23
Suppose -5*m + 15 = 0, 2*s + 16*m = 15*m + 1103. What are the prime factors of s?
2, 5, 11
Let z(w) = 2*w**3 + 4*w**2 - 3*w + 1. Let o be z(2). Let m be (3 - 4) + o + -1. What are the prime factors of (-9)/15 - (-1590)/m?
3, 7
Suppose l - 1 = -5*w + 27, -2*w - 2 = -4*l. Suppose 0*p + p = w. Suppose 2*f = -i + 27, 105 + 54 = p*i - 2*f. List the prime factors of i.
31
Let b be ((-26)/22 + (-2)/(-11))*-10. Suppose -556 = -b*n + 524. List the prime factors of n.
2, 3
Suppose 3*g - 3*f - 438 = 0, 3*g + 4*f - 445 = 21. What are the prime factors of g?
2, 3, 5
Let z(x) be the first derivative of x**4/4 + 7*x**3/3 - 6*x**2 - 9*x - 1. Suppose -25 = 10*n - 7*n + g, 5*g - 3 = n. What are the prime factors of z(n)?
23
Let x be (4 + 39/(-6))*-2. Suppose x = -d + 10. Suppose d*v = 30 + 50. List the prime factors of v.
2
Suppose p = -3*i + 10, 2*p - 4 = i - 19. List the prime factors of (-5*i/2)/((-6)/12).
5
Let j be (20/(-6))/(16/216). Let x = 76 - -12. Let o = x + j. What are the prime factors of o?
43
Let o(l) = -2*l**2 - 2*l + 8. Let u be o(-5). Let j = 85 + u. What are the prime factors of j?
53
Let b = -17 - -22. Let z be ((-2)/b)/(17/(-170)). Suppose -z*r = 4*d - 14 - 54, 5*d + 2*r - 79 = 0. What are the prime factors of d?
3, 5
Suppose -9 = -3*f + 3. Let v be 7 - (f + 2 - 3). Suppose v*r - 21 = 15. What are the prime factors of r?
3
Suppose 2698 + 970 = 4*d. What are the prime factors of d?
7, 131
Let l(s) be the first derivative of -s**2 + 2*s + 8. Let r be l(1). Suppose -x - 3*x + 200 = r. What are the prime factors of x?
2, 5
Suppose 3038 = 17*t + 97. List the prime factors of t.
173
Let k(b) = -b**3 + 4*b**2 + 5*b - 12. Let g be k(-7). Suppose -3*h = h - g. Suppose 3*c - h = -3*t + 2*t, 0 = -2*c - 2*t + 78.